{"id":260,"date":"2014-10-13T21:44:30","date_gmt":"2014-10-13T18:44:30","guid":{"rendered":"http:\/\/www.itukylat.fi\/kopbacka\/?page_id=260"},"modified":"2014-11-18T11:55:50","modified_gmt":"2014-11-18T09:55:50","slug":"fageras-100-vuotta","status":"publish","type":"page","link":"https:\/\/www.kopbacka.fi\/fi\/historia\/fageras-100-vuotta\/","title":{"rendered":"Fager\u00e5s 100 vuotta"},"content":{"rendered":"<div>Nuorisoseuran teatteriporukka 1950-luvulla Alla \u00d6stra Nylandissa ollut juttu K\u00f6pbackan nuorisoseurantalo Fager\u00e5sista ja Hembygdens V\u00e4nner i S.\u00d6. Pern\u00e5 toiminnasta:<\/div>\n<div><\/div>\n<div>\u00a0Lis\u00e4tietoja on ruotsinkielisell\u00e4 sivulla<\/div>\n","protected":false},"excerpt":{"rendered":"<p>Nuorisoseuran teatteriporukka 1950-luvulla Alla \u00d6stra Nylandissa ollut juttu K\u00f6pbackan nuorisoseurantalo Fager\u00e5sista ja Hembygdens V\u00e4nner i S.\u00d6. Pern\u00e5 toiminnasta: \u00a0Lis\u00e4tietoja on ruotsinkielisell\u00e4 sivulla<\/p>\n","protected":false},"author":28,"featured_media":0,"parent":127,"menu_order":0,"comment_status":"closed","ping_status":"closed","template":"","meta":{"footnotes":""},"class_list":["post-260","page","type-page","status-publish","hentry"],"_links":{"self":[{"href":"https:\/\/www.kopbacka.fi\/fi\/wp-json\/wp\/v2\/pages\/260","targetHints":{"allow":["GET"]}}],"collection":[{"href":"https:\/\/www.kopbacka.fi\/fi\/wp-json\/wp\/v2\/pages"}],"about":[{"href":"https:\/\/www.kopbacka.fi\/fi\/wp-json\/wp\/v2\/types\/page"}],"author":[{"embeddable":true,"href":"https:\/\/www.kopbacka.fi\/fi\/wp-json\/wp\/v2\/users\/28"}],"replies":[{"embeddable":true,"href":"https:\/\/www.kopbacka.fi\/fi\/wp-json\/wp\/v2\/comments?post=260"}],"version-history":[{"count":3,"href":"https:\/\/www.kopbacka.fi\/fi\/wp-json\/wp\/v2\/pages\/260\/revisions"}],"predecessor-version":[{"id":527,"href":"https:\/\/www.kopbacka.fi\/fi\/wp-json\/wp\/v2\/pages\/260\/revisions\/527"}],"up":[{"embeddable":true,"href":"https:\/\/www.kopbacka.fi\/fi\/wp-json\/wp\/v2\/pages\/127"}],"wp:attachment":[{"href":"https:\/\/www.kopbacka.fi\/fi\/wp-json\/wp\/v2\/media?parent=260"}],"curies":[{"name":"wp","href":"https:\/\/api.w.org\/{rel}","templated":true}]}}

Fagerås 100 vuotta

<div>Nuorisoseuran teatteriporukka 1950-luvulla Alla Östra Nylandissa ollut juttu Köpbackan nuorisoseurantalo Fageråsista ja Hembygdens Vänner i S.Ö. Pernå toiminnasta:</div>
<div></div>
<div> Lisätietoja on ruotsinkielisellä sivulla</div>

<p>Nuorisoseuran teatteriporukka 1950-luvulla Alla Östra Nylandissa ollut juttu Köpbackan nuorisoseurantalo Fageråsista ja Hembygdens Vänner i S.Ö. Pernå toiminnasta:  Lisätietoja on ruotsinkielisellä sivulla</p>
