{"id":255,"date":"2014-10-13T21:33:29","date_gmt":"2014-10-13T18:33:29","guid":{"rendered":"http:\/\/www.itukylat.fi\/kopbacka\/?page_id=255"},"modified":"2014-12-06T20:57:54","modified_gmt":"2014-12-06T18:57:54","slug":"ita-uudenmaan-vuoden-kyla-2009","status":"publish","type":"page","link":"https:\/\/www.kopbacka.fi\/fi\/kylayhdistys\/historiaa\/ita-uudenmaan-vuoden-kyla-2009\/","title":{"rendered":"It\u00e4-Uudenmaan Vuoden Kyl\u00e4 2009"},"content":{"rendered":"<div id=\"attachment_247\" style=\"width: 650px\" class=\"wp-caption alignnone\"><img loading=\"lazy\" decoding=\"async\" aria-describedby=\"caption-attachment-247\" class=\"size-full wp-image-247\" src=\"https:\/\/www.kopbacka.fi\/wp-content\/uploads\/sites\/15\/2014\/10\/hoesten-09-och-vintern-10-116-2.jpg\" alt=\"Kuvassa Pirkko Brand (vasemmalla) ja Esko Taanila (oikealla) It\u00e4-Uudenmaan kyl\u00e4t ry:st\u00e4 sek\u00e4 Pehr-Stefan Nyholm ja Jaakko Mikkola It\u00e4-Uudenmaan Liittosta (keskell\u00e4).\" width=\"640\" height=\"480\" srcset=\"https:\/\/www.kopbacka.fi\/wp-content\/uploads\/sites\/15\/2014\/10\/hoesten-09-och-vintern-10-116-2.jpg 640w, https:\/\/www.kopbacka.fi\/wp-content\/uploads\/sites\/15\/2014\/10\/hoesten-09-och-vintern-10-116-2-300x225.jpg 300w\" sizes=\"auto, (max-width: 640px) 100vw, 640px\" \/><p id=\"caption-attachment-247\" class=\"wp-caption-text\">Kuvassa Pirkko Brand (vasemmalla) ja Esko Taanila (oikealla) It\u00e4-Uudenmaan kyl\u00e4t ry:st\u00e4 sek\u00e4 Pehr-Stefan Nyholm ja Jaakko Mikkola It\u00e4-Uudenmaan Liittosta (keskell\u00e4).<\/p><\/div>\n<p>K\u00f6pbackan kyl\u00e4yhdistys valittiin It\u00e4-Uudenmaan Vuoden kyl\u00e4ksi 18. joulukuuta 2009. Laskiasjuhlien yhteydess\u00e4 14. helmikuuta 2010 yhdistys vastaanotti palkinoksi Vuoden kyl\u00e4 2009 voitosta It\u00e4-Uudenmaan maakuntaviirin ja kunniakirjan.<\/p>\n<p><a href=\"http:\/\/www.loviisansanomat.net\/lue.php?id=4052\"><em>Juttu Loviisan Sanomissa 16.2.2010<\/em><\/a><em><a href=\"https:\/\/www.kopbacka.fi\/wp-content\/uploads\/sites\/15\/2014\/12\/IMG_0510-e1417892098492.jpg\"><img loading=\"lazy\" decoding=\"async\" class=\"aligncenter wp-image-712 size-medium\" src=\"https:\/\/www.kopbacka.fi\/wp-content\/uploads\/sites\/15\/2014\/12\/IMG_0510-300x225.jpg\" alt=\"\" width=\"300\" height=\"225\" \/><\/a><\/em><\/p>\n","protected":false},"excerpt":{"rendered":"<p>K\u00f6pbackan kyl\u00e4yhdistys valittiin It\u00e4-Uudenmaan Vuoden kyl\u00e4ksi 18. joulukuuta 2009. Laskiasjuhlien yhteydess\u00e4 14. helmikuuta 2010 yhdistys vastaanotti palkinoksi Vuoden kyl\u00e4 2009 voitosta It\u00e4-Uudenmaan maakuntaviirin ja kunniakirjan. Juttu Loviisan Sanomissa 16.2.2010<\/p>\n","protected":false},"author":28,"featured_media":0,"parent":245,"menu_order":0,"comment_status":"closed","ping_status":"closed","template":"","meta":{"footnotes":""},"class_list":["post-255","page","type-page","status-publish","hentry"],"_links":{"self":[{"href":"https:\/\/www.kopbacka.fi\/fi\/wp-json\/wp\/v2\/pages\/255","targetHints":{"allow":["GET"]}}],"collection":[{"href":"https:\/\/www.kopbacka.fi\/fi\/wp-json\/wp\/v2\/pages"}],"about":[{"href":"https:\/\/www.kopbacka.fi\/fi\/wp-json\/wp\/v2\/types\/page"}],"author":[{"embeddable":true,"href":"https:\/\/www.kopbacka.fi\/fi\/wp-json\/wp\/v2\/users\/28"}],"replies":[{"embeddable":true,"href":"https:\/\/www.kopbacka.fi\/fi\/wp-json\/wp\/v2\/comments?post=255"}],"version-history":[{"count":3,"href":"https:\/\/www.kopbacka.fi\/fi\/wp-json\/wp\/v2\/pages\/255\/revisions"}],"predecessor-version":[{"id":762,"href":"https:\/\/www.kopbacka.fi\/fi\/wp-json\/wp\/v2\/pages\/255\/revisions\/762"}],"up":[{"embeddable":true,"href":"https:\/\/www.kopbacka.fi\/fi\/wp-json\/wp\/v2\/pages\/245"}],"wp:attachment":[{"href":"https:\/\/www.kopbacka.fi\/fi\/wp-json\/wp\/v2\/media?parent=255"}],"curies":[{"name":"wp","href":"https:\/\/api.w.org\/{rel}","templated":true}]}}

Itä-Uudenmaan Vuoden Kylä 2009

<div id="attachment_247" style="width: 650px" class="wp-caption alignnone"><img loading="lazy" decoding="async" aria-describedby="caption-attachment-247" class="size-full wp-image-247" src="https://www.kopbacka.fi/wp-content/uploads/sites/15/2014/10/hoesten-09-och-vintern-10-116-2.jpg" alt="Kuvassa Pirkko Brand (vasemmalla) ja Esko Taanila (oikealla) Itä-Uudenmaan kylät ry:stä sekä Pehr-Stefan Nyholm ja Jaakko Mikkola Itä-Uudenmaan Liittosta (keskellä)." width="640" height="480" srcset="https://www.kopbacka.fi/wp-content/uploads/sites/15/2014/10/hoesten-09-och-vintern-10-116-2.jpg 640w, https://www.kopbacka.fi/wp-content/uploads/sites/15/2014/10/hoesten-09-och-vintern-10-116-2-300x225.jpg 300w" sizes="auto, (max-width: 640px) 100vw, 640px" /><p id="caption-attachment-247" class="wp-caption-text">Kuvassa Pirkko Brand (vasemmalla) ja Esko Taanila (oikealla) Itä-Uudenmaan kylät ry:stä sekä Pehr-Stefan Nyholm ja Jaakko Mikkola Itä-Uudenmaan Liittosta (keskellä).</p></div>
<p>Köpbackan kyläyhdistys valittiin Itä-Uudenmaan Vuoden kyläksi 18. joulukuuta 2009. Laskiasjuhlien yhteydessä 14. helmikuuta 2010 yhdistys vastaanotti palkinoksi Vuoden kylä 2009 voitosta Itä-Uudenmaan maakuntaviirin ja kunniakirjan.</p>
<p><a href="http://www.loviisansanomat.net/lue.php?id=4052"><em>Juttu Loviisan Sanomissa 16.2.2010</em></a><em><a href="https://www.kopbacka.fi/wp-content/uploads/sites/15/2014/12/IMG_0510-e1417892098492.jpg"><img loading="lazy" decoding="async" class="aligncenter wp-image-712 size-medium" src="https://www.kopbacka.fi/wp-content/uploads/sites/15/2014/12/IMG_0510-300x225.jpg" alt="" width="300" height="225" /></a></em></p>

<p>Köpbackan kyläyhdistys valittiin Itä-Uudenmaan Vuoden kyläksi 18. joulukuuta 2009. Laskiasjuhlien yhteydessä 14. helmikuuta 2010 yhdistys vastaanotti palkinoksi Vuoden kylä 2009 voitosta Itä-Uudenmaan maakuntaviirin ja kunniakirjan. Juttu Loviisan Sanomissa 16.2.2010</p>
